{"id":270,"date":"2024-12-05T16:08:42","date_gmt":"2024-12-05T16:08:42","guid":{"rendered":"https:\/\/botkyrkavaxer.se\/?page_id=270"},"modified":"2024-12-05T16:13:21","modified_gmt":"2024-12-05T16:13:21","slug":"hitta-din-jobbframtid-pa-xenter-yrkeshogskola","status":"publish","type":"page","link":"https:\/\/botkyrkavaxer.se\/index.php\/hitta-din-jobbframtid-pa-xenter-yrkeshogskola\/","title":{"rendered":"Hitta din jobbframtid p\u00e5 Xenter Yrkesh\u00f6gskola"},"content":{"rendered":"\t\t<div data-elementor-type=\"wp-page\" data-elementor-id=\"270\" class=\"elementor elementor-270\" data-elementor-post-type=\"page\">\n\t\t\t\t\t\t<section class=\"elementor-section elementor-top-section elementor-element elementor-element-24100c05 elementor-section-boxed elementor-section-height-default elementor-section-height-default\" data-id=\"24100c05\" data-element_type=\"section\" data-e-type=\"section\">\n\t\t\t\t\t\t<div class=\"elementor-container elementor-column-gap-no\">\n\t\t\t\t\t<div class=\"elementor-column elementor-col-100 elementor-top-column elementor-element elementor-element-72111dea\" data-id=\"72111dea\" data-element_type=\"column\" data-e-type=\"column\">\n\t\t\t<div class=\"elementor-widget-wrap elementor-element-populated\">\n\t\t\t\t\t\t<div class=\"elementor-element elementor-element-340f9a98 elementor-widget elementor-widget-image\" data-id=\"340f9a98\" data-element_type=\"widget\" data-e-type=\"widget\" data-widget_type=\"image.default\">\n\t\t\t\t<div class=\"elementor-widget-container\">\n\t\t\t\t\t\t\t\t\t\t\t\t\t\t\t<img fetchpriority=\"high\" decoding=\"async\" width=\"2080\" height=\"1386\" src=\"https:\/\/botkyrkavaxer.se\/wp-content\/uploads\/2024\/12\/xenter.webp\" class=\"attachment-full size-full wp-image-149\" alt=\"\" srcset=\"https:\/\/botkyrkavaxer.se\/wp-content\/uploads\/2024\/12\/xenter.webp 2080w, https:\/\/botkyrkavaxer.se\/wp-content\/uploads\/2024\/12\/xenter-300x200.webp 300w, https:\/\/botkyrkavaxer.se\/wp-content\/uploads\/2024\/12\/xenter-1024x682.webp 1024w, https:\/\/botkyrkavaxer.se\/wp-content\/uploads\/2024\/12\/xenter-768x512.webp 768w, https:\/\/botkyrkavaxer.se\/wp-content\/uploads\/2024\/12\/xenter-1536x1024.webp 1536w, https:\/\/botkyrkavaxer.se\/wp-content\/uploads\/2024\/12\/xenter-2048x1365.webp 2048w\" sizes=\"(max-width: 2080px) 100vw, 2080px\" \/>\t\t\t\t\t\t\t\t\t\t\t\t\t\t\t<\/div>\n\t\t\t\t<\/div>\n\t\t\t\t<div class=\"elementor-element elementor-element-1c83a154 elementor-widget elementor-widget-text-editor\" data-id=\"1c83a154\" data-element_type=\"widget\" data-e-type=\"widget\" data-widget_type=\"text-editor.default\">\n\t\t\t\t<div class=\"elementor-widget-container\">\n\t\t\t\t\t\t\t\t\t<p>P\u00e5 Xenter Yrkesh\u00f6gskola kan du v\u00e4lja mellan 11 olika sp\u00e4nnande utbildningar, som exempelvis VFX-artist (bilden), som har tillg\u00e5ng till s\u00e5v\u00e4l avancerade datorprogram som motion capture-studio.<\/p>\t\t\t\t\t\t\t\t<\/div>\n\t\t\t\t<\/div>\n\t\t\t\t\t<\/div>\n\t\t<\/div>\n\t\t\t\t\t<\/div>\n\t\t<\/section>\n\t\t\t\t<section class=\"elementor-section elementor-top-section elementor-element elementor-element-66895c81 elementor-section-boxed elementor-section-height-default elementor-section-height-default\" data-id=\"66895c81\" data-element_type=\"section\" data-e-type=\"section\">\n\t\t\t\t\t\t<div class=\"elementor-container elementor-column-gap-no\">\n\t\t\t\t\t<div class=\"elementor-column elementor-col-100 elementor-top-column elementor-element elementor-element-3509dfa6\" data-id=\"3509dfa6\" data-element_type=\"column\" data-e-type=\"column\">\n\t\t\t<div class=\"elementor-widget-wrap elementor-element-populated\">\n\t\t\t\t\t\t<div class=\"elementor-element elementor-element-497bed1b elementor-widget elementor-widget-heading\" data-id=\"497bed1b\" data-element_type=\"widget\" data-e-type=\"widget\" data-widget_type=\"heading.default\">\n\t\t\t\t<div class=\"elementor-widget-container\">\n\t\t\t\t\t<h1 class=\"elementor-heading-title elementor-size-default\">Hitta din jobbframtid p\u00e5 Xenter Yrkesh\u00f6gskola<\/h1>\t\t\t\t<\/div>\n\t\t\t\t<\/div>\n\t\t\t\t\t<\/div>\n\t\t<\/div>\n\t\t\t\t\t<\/div>\n\t\t<\/section>\n\t\t\t\t<section class=\"elementor-section elementor-top-section elementor-element elementor-element-6d323ae1 elementor-section-boxed elementor-section-height-default elementor-section-height-default\" data-id=\"6d323ae1\" data-element_type=\"section\" data-e-type=\"section\">\n\t\t\t\t\t\t<div class=\"elementor-container elementor-column-gap-no\">\n\t\t\t\t\t<div class=\"elementor-column elementor-col-100 elementor-top-column elementor-element elementor-element-4e5eba1\" data-id=\"4e5eba1\" data-element_type=\"column\" data-e-type=\"column\">\n\t\t\t<div class=\"elementor-widget-wrap elementor-element-populated\">\n\t\t\t\t\t\t<div class=\"elementor-element elementor-element-53db82fa elementor-widget elementor-widget-text-editor\" data-id=\"53db82fa\" data-element_type=\"widget\" data-e-type=\"widget\" data-widget_type=\"text-editor.default\">\n\t\t\t\t<div class=\"elementor-widget-container\">\n\t\t\t\t\t\t\t\t\t<p>P\u00e5 Botkyrka kommuns egen yrkesh\u00f6gskola Xenter arbetar skola och n\u00e4ringsliv t\u00e4tt tillsammans f\u00f6r att skapa framtidss\u00e4krade utbildningar som leder till jobb efter examen. Och det ger resultat, p\u00e5 flera utbildningar g\u00e5r \u00f6ver 90 procent ut i jobb efter examen.<\/p>\t\t\t\t\t\t\t\t<\/div>\n\t\t\t\t<\/div>\n\t\t\t\t<div class=\"elementor-element elementor-element-7bd36ec5 elementor-widget elementor-widget-text-editor\" data-id=\"7bd36ec5\" data-element_type=\"widget\" data-e-type=\"widget\" data-widget_type=\"text-editor.default\">\n\t\t\t\t<div class=\"elementor-widget-container\">\n\t\t\t\t\t\t\t\t\t<p>Text: Magnus Nilsson<br \/>Foto: Patrik Lark<\/p>\t\t\t\t\t\t\t\t<\/div>\n\t\t\t\t<\/div>\n\t\t\t\t<div class=\"elementor-element elementor-element-3b10f1d1 elementor-drop-cap-yes elementor-drop-cap-view-default elementor-widget elementor-widget-text-editor\" data-id=\"3b10f1d1\" data-element_type=\"widget\" data-e-type=\"widget\" data-settings=\"{&quot;drop_cap&quot;:&quot;yes&quot;}\" data-widget_type=\"text-editor.default\">\n\t\t\t\t<div class=\"elementor-widget-container\">\n\t\t\t\t\t\t\t\t\t<p>D<span class=\"s1\"><b>en som kommer <\/b><\/span>med pendelt\u00e5get till Tumba kan se Xenter Yrkesh\u00f6gskola skymta mellan tr\u00e4den p\u00e5 norra sidan. Skolan som byggdes p\u00e5 1990-talet ligger granne med Tumba gymnasium och har\u00a0i dag runt 600 studerande utspridda p\u00e5\u00a0tio utbildningar, och tv\u00e5 kortare distans-kurser f\u00f6r fortbildning.<\/p><p class=\"p2\">Ny chef f\u00f6r Xenter Yrkesh\u00f6gskola sedan h\u00f6sten 2024 \u00e4r Anna-Karin H\u00e4rd.<\/p><p class=\"p4\"><b>Varf\u00f6r ska man s\u00f6ka\u00a0sig till Xenter Yrkesh\u00f6gskola?<br \/><\/b><span style=\"color: var( --e-global-color-primary ); font-family: var( --e-global-typography-807ec1c-font-family ), Sans-serif; font-size: var( --e-global-typography-807ec1c-font-size ); font-weight: var( --e-global-typography-807ec1c-font-weight );\">\u2013 F\u00f6r att vi har bra och sp\u00e4nnande yrkesh\u00f6gskoleutbildningar med n\u00e4ra arbetslivsanknytning. H\u00e4r f\u00e5r de studerande b\u00e5de en specialisering, en yrkesh\u00f6gskoleexamen och en god m\u00f6jlighet till jobb efter examen.<\/span><\/p><p class=\"p4\"><b>Hur g\u00f6r ni f\u00f6r att f\u00e5 ut\u00a0de studerande i yrkeslivet?<br \/><\/b><span style=\"color: var( --e-global-color-primary ); font-family: var( --e-global-typography-807ec1c-font-family ), Sans-serif; font-size: var( --e-global-typography-807ec1c-font-size ); font-weight: var( --e-global-typography-807ec1c-font-weight );\">\u2013 En viktig bit \u00e4r den l\u00e5nga praktiken (LIA, L\u00e4rande i Arbete) som ing\u00e5r i alla v\u00e5ra utbildningar. H\u00e4r f\u00e5r de studerande inte bara oms\u00e4tta sin kunskap rent praktiskt utan skapar ocks\u00e5 kontakter och n\u00e4tverk inom branschen. Det \u00e4r v\u00e4ldigt vanligt att de studerande b\u00f6rjar jobba p\u00e5 sin LIA-plats efter examen.<\/span><\/p><p class=\"p1\"><span class=\"s1\"><b>P\u00e5 flera av Xenters <\/b><\/span>YH-utbildningar g\u00e5r drygt 90 procent ut i jobb efter examen, vilket \u00e4r \u00f6ver rikssnittet. Till skillnad fr\u00e5n andra utbildningsanordnare s\u00e5 kan en yrkesh\u00f6gskola inte starta vilken sorts utbildning som helst. Myndigheten f\u00f6r yrkesh\u00f6gskolan \u00e4r tillsynsmyndighet och f\u00f6r att de ska godk\u00e4nna att en utbildning startas kr\u00e4vs dokumenterad efterfr\u00e5gan p\u00e5 just den kompetensen i yrkeslivet.<\/p>\t\t\t\t\t\t\t\t<\/div>\n\t\t\t\t<\/div>\n\t\t\t\t\t<\/div>\n\t\t<\/div>\n\t\t\t\t\t<\/div>\n\t\t<\/section>\n\t\t\t\t<section class=\"elementor-section elementor-top-section elementor-element elementor-element-5d68303f elementor-section-boxed elementor-section-height-default elementor-section-height-default\" data-id=\"5d68303f\" data-element_type=\"section\" data-e-type=\"section\">\n\t\t\t\t\t\t<div class=\"elementor-container elementor-column-gap-no\">\n\t\t\t\t\t<div class=\"elementor-column elementor-col-100 elementor-top-column elementor-element elementor-element-ea6eb3d\" data-id=\"ea6eb3d\" data-element_type=\"column\" data-e-type=\"column\">\n\t\t\t<div class=\"elementor-widget-wrap elementor-element-populated\">\n\t\t\t\t\t\t<div class=\"elementor-element elementor-element-1e419e5c elementor-widget elementor-widget-image\" data-id=\"1e419e5c\" data-element_type=\"widget\" data-e-type=\"widget\" data-widget_type=\"image.default\">\n\t\t\t\t<div class=\"elementor-widget-container\">\n\t\t\t\t\t\t\t\t\t\t\t\t\t\t\t<img decoding=\"async\" width=\"2080\" height=\"1386\" src=\"https:\/\/botkyrkavaxer.se\/wp-content\/uploads\/2024\/12\/anna-karin-hard.webp\" class=\"attachment-full size-full wp-image-84\" alt=\"\" srcset=\"https:\/\/botkyrkavaxer.se\/wp-content\/uploads\/2024\/12\/anna-karin-hard.webp 2080w, https:\/\/botkyrkavaxer.se\/wp-content\/uploads\/2024\/12\/anna-karin-hard-300x200.webp 300w, https:\/\/botkyrkavaxer.se\/wp-content\/uploads\/2024\/12\/anna-karin-hard-1024x682.webp 1024w, https:\/\/botkyrkavaxer.se\/wp-content\/uploads\/2024\/12\/anna-karin-hard-768x512.webp 768w, https:\/\/botkyrkavaxer.se\/wp-content\/uploads\/2024\/12\/anna-karin-hard-1536x1024.webp 1536w, https:\/\/botkyrkavaxer.se\/wp-content\/uploads\/2024\/12\/anna-karin-hard-2048x1365.webp 2048w\" sizes=\"(max-width: 2080px) 100vw, 2080px\" \/>\t\t\t\t\t\t\t\t\t\t\t\t\t\t\t<\/div>\n\t\t\t\t<\/div>\n\t\t\t\t<div class=\"elementor-element elementor-element-243042c0 elementor-widget elementor-widget-text-editor\" data-id=\"243042c0\" data-element_type=\"widget\" data-e-type=\"widget\" data-widget_type=\"text-editor.default\">\n\t\t\t\t<div class=\"elementor-widget-container\">\n\t\t\t\t\t\t\t\t\t<p>Anna-Karin H\u00e4rd \u00e4r chef f\u00f6r Xenter Yrkesh\u00f6gskola.<\/p>\t\t\t\t\t\t\t\t<\/div>\n\t\t\t\t<\/div>\n\t\t\t\t\t<\/div>\n\t\t<\/div>\n\t\t\t\t\t<\/div>\n\t\t<\/section>\n\t\t\t\t<section class=\"elementor-section elementor-top-section elementor-element elementor-element-56a4aa81 elementor-section-boxed elementor-section-height-default elementor-section-height-default\" data-id=\"56a4aa81\" data-element_type=\"section\" data-e-type=\"section\">\n\t\t\t\t\t\t<div class=\"elementor-container elementor-column-gap-no\">\n\t\t\t\t\t<div class=\"elementor-column elementor-col-100 elementor-top-column elementor-element elementor-element-6db7eb05\" data-id=\"6db7eb05\" data-element_type=\"column\" data-e-type=\"column\">\n\t\t\t<div class=\"elementor-widget-wrap elementor-element-populated\">\n\t\t\t\t\t\t<div class=\"elementor-element elementor-element-1ef43e67 elementor-widget elementor-widget-text-editor\" data-id=\"1ef43e67\" data-element_type=\"widget\" data-e-type=\"widget\" data-widget_type=\"text-editor.default\">\n\t\t\t\t<div class=\"elementor-widget-container\">\n\t\t\t\t\t\t\t\t\t<p class=\"p1\"><span class=\"s1\">Alla yrkesh\u00f6gskoleutbildningar styrs av en ledningsgrupp d\u00e4r majoriteten kommer fr\u00e5n n\u00e4ringslivet, allts\u00e5 fr\u00e5n det arbetsliv som utbildningarna riktar sig mot. <\/span><\/p><p class=\"p1\">\u2013 De hj\u00e4lper oss b\u00e5de med att styra upp utbildningarna s\u00e5 att de g\u00e5r i takt med f\u00f6r\u00e4ndringarna i arbetslivet och att utforma nya yrkesh\u00f6gskoleutbildningar d\u00e4r de ser ett tydligt anst\u00e4llningsbehov.<\/p><p class=\"p3\"><b>Vad skiljer Xenter fr\u00e5n\u00a0andra yrkesh\u00f6gskolor?<br \/><\/b><span style=\"color: var( --e-global-color-primary ); font-family: var( --e-global-typography-807ec1c-font-family ), Sans-serif; font-size: var( --e-global-typography-807ec1c-font-size ); font-weight: var( --e-global-typography-807ec1c-font-weight );\">\u2013 Att vi har ganska avancerade utbildningar och dessutom helt unika lokaler. De studerande f\u00e5r h\u00e4r m\u00f6jlighet att redan under utbildningstiden jobba i samma typ av milj\u00f6, och med samma typ av utrustning, som de sedan ska g\u00f6ra i arbetslivet. Hissteknikerna har exempelvis ett eget hisschakt &#8230;<\/span><\/p><p class=\"p3\"><b>Ett eget hisschakt!\u00a0Kan du ge fler exempel?<br \/><\/b><span style=\"color: var( --e-global-color-primary ); font-family: var( --e-global-typography-807ec1c-font-family ), Sans-serif; font-size: var( --e-global-typography-807ec1c-font-size ); font-weight: var( --e-global-typography-807ec1c-font-weight );\">\u2013 De som utbildar sig till lives\u00e4ndningsspecialist, f\u00f6r att exempelvis jobba med direkts\u00e4nda idrottsevenemang, har en fullt utrustad tv-studio, och 3D-teknikerna ett labb med 3D-skrivare. VFX-artisterna som ska jobba med visuella effekter f\u00f6r film, tv och reklam har fullt utrustade VFX-studior med avan-cerad teknik som till exempel motion capture. Det finns ocks\u00e5 ett marinlabb med b\u00e5de utombords- och inombordsmotorer.<\/span><\/p><p class=\"p3\"><b>Kan vem som helst\u00a0s\u00f6ka till YH-utbildningarna?<br \/><\/b><span style=\"color: var( --e-global-color-primary ); font-family: var( --e-global-typography-807ec1c-font-family ), Sans-serif; font-size: var( --e-global-typography-807ec1c-font-size ); font-weight: var( --e-global-typography-807ec1c-font-weight );\">\u2013 Ja, s\u00e5 l\u00e4nge man uppfyller grund-l\u00e4ggande beh\u00f6righet (gymnasieexamen eller motsvarande) och vissa s\u00e4rskilda f\u00f6rkunskapskrav som varierar mellan utbildningarna. Och har du inte det kan du l\u00e4sa upp det p\u00e5 exempelvis Komvux p\u00e5 Campus Botkyrka.<\/span><\/p><p class=\"p3\"><b>Kr\u00e4vs det h\u00f6ga gymnasiebetyg\u00a0f\u00f6r att komma in?<br \/><\/b><span style=\"color: var( --e-global-color-primary ); font-family: var( --e-global-typography-807ec1c-font-family ), Sans-serif; font-size: var( --e-global-typography-807ec1c-font-size ); font-weight: var( --e-global-typography-807ec1c-font-weight );\">\u2013<\/span><span class=\"Apple-converted-space\" style=\"color: var( --e-global-color-primary ); font-family: var( --e-global-typography-807ec1c-font-family ), Sans-serif; font-size: var( --e-global-typography-807ec1c-font-size ); font-weight: var( --e-global-typography-807ec1c-font-weight );\">\u00a0 <\/span><span style=\"color: var( --e-global-color-primary ); font-family: var( --e-global-typography-807ec1c-font-family ), Sans-serif; font-size: var( --e-global-typography-807ec1c-font-size ); font-weight: var( --e-global-typography-807ec1c-font-weight );\">Vi anv\u00e4nder oss framf\u00f6r allt av\u00a0<\/span><span style=\"color: var( --e-global-color-primary ); font-family: var( --e-global-typography-807ec1c-font-family ), Sans-serif; font-size: var( --e-global-typography-807ec1c-font-size ); font-weight: var( --e-global-typography-807ec1c-font-weight );\">urvalstester f\u00f6r att bed\u00f6ma vem som har b\u00e4st f\u00f6rm\u00e5ga att tillgodog\u00f6ra sig utbildningen. M\u00e5nga av v\u00e5ra studerande \u00e4r lite \u00e4ldre och har med sig ov\u00e4rderlig arbetslivs- och livserfarenhet som \u00e4r viktig att f\u00e5 med i urvalet.<\/span><\/p>\t\t\t\t\t\t\t\t<\/div>\n\t\t\t\t<\/div>\n\t\t\t\t\t<\/div>\n\t\t<\/div>\n\t\t\t\t\t<\/div>\n\t\t<\/section>\n\t\t\t\t<section class=\"elementor-section elementor-top-section elementor-element elementor-element-7c7673bb elementor-section-boxed elementor-section-height-default elementor-section-height-default\" data-id=\"7c7673bb\" data-element_type=\"section\" data-e-type=\"section\" data-settings=\"{&quot;background_background&quot;:&quot;classic&quot;}\">\n\t\t\t\t\t\t<div class=\"elementor-container elementor-column-gap-no\">\n\t\t\t\t\t<div class=\"elementor-column elementor-col-100 elementor-top-column elementor-element elementor-element-660240b2\" data-id=\"660240b2\" data-element_type=\"column\" data-e-type=\"column\" data-settings=\"{&quot;background_background&quot;:&quot;classic&quot;}\">\n\t\t\t<div class=\"elementor-widget-wrap elementor-element-populated\">\n\t\t\t\t\t\t<div class=\"elementor-element elementor-element-20ab67c7 elementor-widget elementor-widget-heading\" data-id=\"20ab67c7\" data-element_type=\"widget\" data-e-type=\"widget\" data-widget_type=\"heading.default\">\n\t\t\t\t<div class=\"elementor-widget-container\">\n\t\t\t\t\t<h3 class=\"elementor-heading-title elementor-size-default\">Xenter Yrkesh\u00f6gskola<\/h3>\t\t\t\t<\/div>\n\t\t\t\t<\/div>\n\t\t\t\t<div class=\"elementor-element elementor-element-5bb8d68b elementor-widget elementor-widget-text-editor\" data-id=\"5bb8d68b\" data-element_type=\"widget\" data-e-type=\"widget\" data-widget_type=\"text-editor.default\">\n\t\t\t\t<div class=\"elementor-widget-container\">\n\t\t\t\t\t\t\t\t\t<p class=\"p1\"><strong>Antal studerande:<\/strong> cirka 600<\/p><p class=\"p1\"><strong>Antal utbildningar:<\/strong> 11 YH-utbildningar, 1\u20133 \u00e5r.<\/p><p class=\"p1\"><strong>Exempel p\u00e5 utbildningar:<\/strong> 3D-tekniker, trafikl\u00e4rare, fastighetsf\u00f6rvaltare, medicinsk sekreterare, lives\u00e4ndningsspecialist, marin servicetekniker, elkonstrukt\u00f6r, hisstekniker, kvalificerad s\u00e4kerhetsingenj\u00f6r, VFX-artist.<\/p><p class=\"p2\"><span class=\"s1\">L\u00e4s mer p\u00e5 <\/span><a href=\"http:\/\/www.xenter.se\" target=\"_blank\" rel=\"noopener\"><strong>www.xenter.se<\/strong><\/a><\/p>\t\t\t\t\t\t\t\t<\/div>\n\t\t\t\t<\/div>\n\t\t\t\t\t<\/div>\n\t\t<\/div>\n\t\t\t\t\t<\/div>\n\t\t<\/section>\n\t\t\t\t<section class=\"elementor-section elementor-top-section elementor-element elementor-element-1b1b926b elementor-section-boxed elementor-section-height-default elementor-section-height-default\" data-id=\"1b1b926b\" data-element_type=\"section\" data-e-type=\"section\">\n\t\t\t\t\t\t<div class=\"elementor-container elementor-column-gap-no\">\n\t\t\t\t\t<div class=\"elementor-column elementor-col-100 elementor-top-column elementor-element elementor-element-5e837216\" data-id=\"5e837216\" data-element_type=\"column\" data-e-type=\"column\">\n\t\t\t<div class=\"elementor-widget-wrap elementor-element-populated\">\n\t\t\t\t\t\t<div class=\"elementor-element elementor-element-3344e4ee elementor-share-buttons--view-icon elementor-share-buttons--skin-minimal elementor-share-buttons--shape-circle elementor-share-buttons--color-custom elementor-grid-0 elementor-widget elementor-widget-share-buttons\" data-id=\"3344e4ee\" data-element_type=\"widget\" data-e-type=\"widget\" data-widget_type=\"share-buttons.default\">\n\t\t\t\t<div class=\"elementor-widget-container\">\n\t\t\t\t\t\t\t<div class=\"elementor-grid\" role=\"list\">\n\t\t\t\t\t\t\t\t<div class=\"elementor-grid-item\" role=\"listitem\">\n\t\t\t\t\t\t<div class=\"elementor-share-btn elementor-share-btn_email\" role=\"button\" tabindex=\"0\" aria-label=\"Dela p\u00e5 email\">\n\t\t\t\t\t\t\t\t\t\t\t\t\t\t\t<span class=\"elementor-share-btn__icon\">\n\t\t\t\t\t\t\t\t<svg aria-hidden=\"true\" class=\"e-font-icon-svg e-fas-envelope\" viewBox=\"0 0 512 512\" xmlns=\"http:\/\/www.w3.org\/2000\/svg\"><path d=\"M502.3 190.8c3.9-3.1 9.7-.2 9.7 4.7V400c0 26.5-21.5 48-48 48H48c-26.5 0-48-21.5-48-48V195.6c0-5 5.7-7.8 9.7-4.7 22.4 17.4 52.1 39.5 154.1 113.6 21.1 15.4 56.7 47.8 92.2 47.6 35.7.3 72-32.8 92.3-47.6 102-74.1 131.6-96.3 154-113.7zM256 320c23.2.4 56.6-29.2 73.4-41.4 132.7-96.3 142.8-104.7 173.4-128.7 5.8-4.5 9.2-11.5 9.2-18.9v-19c0-26.5-21.5-48-48-48H48C21.5 64 0 85.5 0 112v19c0 7.4 3.4 14.3 9.2 18.9 30.6 23.9 40.7 32.4 173.4 128.7 16.8 12.2 50.2 41.8 73.4 41.4z\"><\/path><\/svg>\t\t\t\t\t\t\t<\/span>\n\t\t\t\t\t\t\t\t\t\t\t\t\t\t\t\t\t\t\t\t<\/div>\n\t\t\t\t\t<\/div>\n\t\t\t\t\t\t\t\t\t<div class=\"elementor-grid-item\" role=\"listitem\">\n\t\t\t\t\t\t<div class=\"elementor-share-btn elementor-share-btn_facebook\" role=\"button\" tabindex=\"0\" aria-label=\"Dela p\u00e5 facebook\">\n\t\t\t\t\t\t\t\t\t\t\t\t\t\t\t<span class=\"elementor-share-btn__icon\">\n\t\t\t\t\t\t\t\t<svg aria-hidden=\"true\" class=\"e-font-icon-svg e-fab-facebook\" viewBox=\"0 0 512 512\" xmlns=\"http:\/\/www.w3.org\/2000\/svg\"><path d=\"M504 256C504 119 393 8 256 8S8 119 8 256c0 123.78 90.69 226.38 209.25 245V327.69h-63V256h63v-54.64c0-62.15 37-96.48 93.67-96.48 27.14 0 55.52 4.84 55.52 4.84v61h-31.28c-30.8 0-40.41 19.12-40.41 38.73V256h68.78l-11 71.69h-57.78V501C413.31 482.38 504 379.78 504 256z\"><\/path><\/svg>\t\t\t\t\t\t\t<\/span>\n\t\t\t\t\t\t\t\t\t\t\t\t\t\t\t\t\t\t\t\t<\/div>\n\t\t\t\t\t<\/div>\n\t\t\t\t\t\t\t\t\t<div class=\"elementor-grid-item\" role=\"listitem\">\n\t\t\t\t\t\t<div class=\"elementor-share-btn elementor-share-btn_x-twitter\" role=\"button\" tabindex=\"0\" aria-label=\"Dela p\u00e5 x-twitter\">\n\t\t\t\t\t\t\t\t\t\t\t\t\t\t\t<span class=\"elementor-share-btn__icon\">\n\t\t\t\t\t\t\t\t<svg aria-hidden=\"true\" class=\"e-font-icon-svg e-fab-x-twitter\" viewBox=\"0 0 512 512\" xmlns=\"http:\/\/www.w3.org\/2000\/svg\"><path d=\"M389.2 48h70.6L305.6 224.2 487 464H345L233.7 318.6 106.5 464H35.8L200.7 275.5 26.8 48H172.4L272.9 180.9 389.2 48zM364.4 421.8h39.1L151.1 88h-42L364.4 421.8z\"><\/path><\/svg>\t\t\t\t\t\t\t<\/span>\n\t\t\t\t\t\t\t\t\t\t\t\t\t\t\t\t\t\t\t\t<\/div>\n\t\t\t\t\t<\/div>\n\t\t\t\t\t\t\t\t\t<div class=\"elementor-grid-item\" role=\"listitem\">\n\t\t\t\t\t\t<div class=\"elementor-share-btn elementor-share-btn_linkedin\" role=\"button\" tabindex=\"0\" aria-label=\"Dela p\u00e5 linkedin\">\n\t\t\t\t\t\t\t\t\t\t\t\t\t\t\t<span class=\"elementor-share-btn__icon\">\n\t\t\t\t\t\t\t\t<svg aria-hidden=\"true\" class=\"e-font-icon-svg e-fab-linkedin\" viewBox=\"0 0 448 512\" xmlns=\"http:\/\/www.w3.org\/2000\/svg\"><path d=\"M416 32H31.9C14.3 32 0 46.5 0 64.3v383.4C0 465.5 14.3 480 31.9 480H416c17.6 0 32-14.5 32-32.3V64.3c0-17.8-14.4-32.3-32-32.3zM135.4 416H69V202.2h66.5V416zm-33.2-243c-21.3 0-38.5-17.3-38.5-38.5S80.9 96 102.2 96c21.2 0 38.5 17.3 38.5 38.5 0 21.3-17.2 38.5-38.5 38.5zm282.1 243h-66.4V312c0-24.8-.5-56.7-34.5-56.7-34.6 0-39.9 27-39.9 54.9V416h-66.4V202.2h63.7v29.2h.9c8.9-16.8 30.6-34.5 62.9-34.5 67.2 0 79.7 44.3 79.7 101.9V416z\"><\/path><\/svg>\t\t\t\t\t\t\t<\/span>\n\t\t\t\t\t\t\t\t\t\t\t\t\t\t\t\t\t\t\t\t<\/div>\n\t\t\t\t\t<\/div>\n\t\t\t\t\t\t<\/div>\n\t\t\t\t\t\t<\/div>\n\t\t\t\t<\/div>\n\t\t\t\t\t<\/div>\n\t\t<\/div>\n\t\t\t\t\t<\/div>\n\t\t<\/section>\n\t\t\t\t<\/div>\n\t\t","protected":false},"excerpt":{"rendered":"<p>P\u00e5 Xenter Yrkesh\u00f6gskola kan du v\u00e4lja mellan 11 olika sp\u00e4nnande utbildningar, som exempelvis VFX-artist (bilden), som har tillg\u00e5ng till s\u00e5v\u00e4l avancerade datorprogram som motion capture-studio. Hitta din jobbframtid p\u00e5 Xenter Yrkesh\u00f6gskola P\u00e5 Botkyrka kommuns egen yrkesh\u00f6gskola Xenter arbetar skola och n\u00e4ringsliv t\u00e4tt tillsammans f\u00f6r att skapa framtidss\u00e4krade utbildningar som leder till jobb efter examen. Och [&hellip;]<\/p>\n","protected":false},"author":2,"featured_media":149,"parent":0,"menu_order":0,"comment_status":"closed","ping_status":"closed","template":"elementor_theme","meta":{"footnotes":""},"class_list":["post-270","page","type-page","status-publish","has-post-thumbnail","hentry"],"_links":{"self":[{"href":"https:\/\/botkyrkavaxer.se\/index.php\/wp-json\/wp\/v2\/pages\/270","targetHints":{"allow":["GET"]}}],"collection":[{"href":"https:\/\/botkyrkavaxer.se\/index.php\/wp-json\/wp\/v2\/pages"}],"about":[{"href":"https:\/\/botkyrkavaxer.se\/index.php\/wp-json\/wp\/v2\/types\/page"}],"author":[{"embeddable":true,"href":"https:\/\/botkyrkavaxer.se\/index.php\/wp-json\/wp\/v2\/users\/2"}],"replies":[{"embeddable":true,"href":"https:\/\/botkyrkavaxer.se\/index.php\/wp-json\/wp\/v2\/comments?post=270"}],"version-history":[{"count":4,"href":"https:\/\/botkyrkavaxer.se\/index.php\/wp-json\/wp\/v2\/pages\/270\/revisions"}],"predecessor-version":[{"id":275,"href":"https:\/\/botkyrkavaxer.se\/index.php\/wp-json\/wp\/v2\/pages\/270\/revisions\/275"}],"wp:featuredmedia":[{"embeddable":true,"href":"https:\/\/botkyrkavaxer.se\/index.php\/wp-json\/wp\/v2\/media\/149"}],"wp:attachment":[{"href":"https:\/\/botkyrkavaxer.se\/index.php\/wp-json\/wp\/v2\/media?parent=270"}],"curies":[{"name":"wp","href":"https:\/\/api.w.org\/{rel}","templated":true}]}}